is the highest common divisor of 6837 and 330402?
159
What is the highest common divisor of 973516 and 514?
514
What is the greatest common factor of 183204 and 11167447?
727
What is the greatest common factor of 20172 and 2456556?
492
What is the highest common factor of 148385567 and 73?
73
Calculate the greatest common factor of 19579618 and 38207.
2939
Calculate the highest common divisor of 459569 and 97416.
451
Calculate the highest common factor of 22952 and 38912.
152
Calculate the highest common factor of 256 and 25066752.
256
What is the highest common factor of 42 and 14693973?
21
What is the greatest common divisor of 67548056 and 368?
184
Calculate the highest common factor of 1838149 and 1195.
239
Calculate the greatest common divisor of 30 and 57910740.
30
What is the highest common divisor of 243814 and 41038?
2414
What is the greatest common divisor of 2 and 47107542?
2
Calculate the highest common factor of 85426 and 328643.
353
Calculate the highest common divisor of 60292976 and 128.
16
Calculate the greatest common factor of 1976 and 765713.
13
Calculate the highest common factor of 12442 and 150678841.
6221
What is the greatest common factor of 32 and 6210080?
32
What is the greatest common divisor of 270 and 30822318?
18
What is the greatest common factor of 43111986 and 678?
678
Calculate the highest common factor of 605698176 and 1308.
1308
Calculate the greatest common divisor of 483 and 2369805.
69
Calculate the greatest common factor of 311420 and 445.
5
What is the greatest common divisor of 1225240682 and 3749?
3749
What is the highest common divisor of 236892 and 1068?
12
What is the greatest common factor of 7308 and 27610842?
1218
What is the highest common divisor of 13072 and 3549865?
817
Calculate the highest common factor of 375445 and 78098.
17
What is the highest common factor of 384244 and 469?
7
Calculate the greatest common divisor of 110 and 742588.
22
Calculate the greatest common factor of 27 and 353862.
27
What is the highest common factor of 40171787 and 26753?
863
Calculate the greatest common divisor of 135 and 37679931.
27
What is the highest common divisor of 48 and 50885256?
24
What is the greatest common divisor of 1163900 and 4972?
452
What is the highest common factor of 110959 and 3199621?
1819
What is the highest common divisor of 184978983 and 7434?
1239
Calculate the greatest common divisor of 10710476 and 1904.
476
What is the greatest common divisor of 196356123 and 81?
27
Calculate the greatest common factor of 3501615 and 195.
195
Calculate the highest common divisor of 1083 and 91276.
19
What is the highest common divisor of 99807 and 3728085?
5871
What is the highest common factor of 608 and 154400992?
608
Calculate the greatest common factor of 100223 and 1800728.
1643
Calculate the greatest common divisor of 1127 and 55531.
7
Calculate the greatest common factor of 4848 and 551128720.
1616
What is the greatest common factor of 1240459 and 88?
11
Calculate the highest common divisor of 129 and 201078.
3
What is the highest common divisor of 102675 and 8990223?
4107
Calculate the greatest common factor of 115659 and 82536.
543
What is the highest common factor of 8475448 and 28696?
1688
Calculate the highest common factor of 426807 and 1243088.
1009
Calculate the highest common divisor of 9308306 and 70.
14
Calculate the greatest common divisor of 2969506 and 43774.
1018
What is the highest common factor of 77672 and 155192?
152
What is the highest common divisor of 9310 and 228057?
19
Calculate the greatest common factor of 367716 and 402.
6
Calculate the greatest common factor of 144597053 and 17.
17
What is the highest common divisor of 70348 and 6210256?
1636
What is the highest common factor of 1024324 and 637?
7
What is the greatest common divisor of 6516 and 680741?
181
Calculate the highest common factor of 501 and 21209.
167
Calculate the highest common divisor of 372 and 2627312.
124
What is the greatest common factor of 1485392 and 7783?
43
Calculate the highest common factor of 192 and 3740988.
12
Calculate the highest common divisor of 76 and 338108.
4
Calculate the greatest common divisor of 19317733 and 4523.
4523
Calculate the greatest common factor of 235 and 12289231.
47
Calculate the highest common divisor of 686188 and 136.
68
Calculate the highest common divisor of 11347798 and 14.
14
What is the greatest common divisor of 757772 and 86686?
974
Calculate the highest common factor of 25159 and 326705.
181
What is the highest common factor of 3731 and 119627053?
3731
Calculate the highest common factor of 1378 and 7514.
26
Calculate the greatest common factor of 54935004 and 12.
12
Calculate the highest common factor of 3514503 and 9881.
241
What is the greatest common divisor of 7718199 and 6?
3
Calculate the greatest common divisor of 38 and 450406856.
38
Calculate the greatest common divisor of 3 and 32778012.
3
What is the highest common factor of 12768385 and 35?
35
Calculate the greatest common factor of 133583343 and 13956.
3489
Calculate the highest common divisor of 2835 and 72981405.
2835
What is the greatest common factor of 1584072 and 294588?
1764
What is the greatest common factor of 75 and 88296960?
15
What is the highest common factor of 2874725 and 875?
175
Calculate the highest common factor of 20050380 and 10710.
630
Calculate the highest common factor of 6038 and 43262270.
6038
Calculate the highest common factor of 1682273 and 2279.
53
Calculate the highest common factor of 6831474 and 2899.
13
What is the highest common factor of 1182740 and 14820?
260
Calculate the greatest common divisor of 1639 and 138611.
11
What is the highest common divisor of 1539513 and 81?
27
What is the highest common divisor of 9281037 and 7136?
223
Calculate the highest common divisor of 1393221 and 1804.
41
Calculate the greatest common divisor of 16038 and 21287529.
729
What is the greatest common divisor of 31556 and 10047156?
1372
What is the greatest common factor of 14849600 and 1920?
320
Calculate the greatest common factor of 4611 and 13858122.
159
Calculate the highest common factor of 131532 and 150.
6
Calculate the greatest common factor of 7 and 223969445.
7
Calculate the greatest common factor of 957854 and 4.
2
What is the greatest common divisor of 2405985 and 30?
15
What is the greatest common divisor of 8796006 and 918?
54
Calculate the highest common divisor of 866910 and 30246.
426
What is the highest common factor of 6125033 and 2611?
373
Calculate the highest common factor of 71064 and 11082456.
504
What is the highest common divisor of 17391 and 22593?
51
What is the greatest common factor of 459 and 20137401?
153
Calculate the highest common factor of 518886 and 13506.
6
What is the highest common factor of 1121085 and 40005?
315
What is the highest common divisor of 1648 and 3422072?
824
Calculate the highest common divisor of 558912963 and 441.
147
Calculate the highest common factor of 2 and 155799146.
2
What is the highest common divisor of 96945220 and 6880?
860
Calculate the greatest common divisor of 121788 and 52632.
612
What is the highest common divisor of 407 and 902583?
11
What is the highest common divisor of 16125659 and 8409?
2803
What is the highest common factor of 182553 and 42?
21
Calculate the greatest common factor of 16 and 28179224.
8
Calculate the highest common factor of 48895066 and 77.
11
Calculate the greatest common divisor of 2223 and 307496.
19
Calculate the greatest common factor of 789214146 and 2.
2
Calculate the highest common divisor of 196838648 and 24.
8
Calculate the greatest common divisor of 1089 and 120372978.
363
Calculate the highest common divisor of 9625497 and 105.
21
Calculate the highest common factor of 48495 and 787845.
795
Calculate the greatest common factor of 152362928 and 5466.
1822
Calculate the greatest common divisor of 240128652 and 36.
12
What is the greatest common factor of 110120 and 30600?
40
What is the greatest common factor of 505702 and 10?
2
Calculate the greatest common divisor of 4 and 55646152.
4
What is the highest common factor of 189783 and 261351?
639
What is the highest common factor of 2628 and 1691544?
12
Calculate the highest common factor of 125783 and 